.
3412
Calculate the greatest common factor of 106291610 and 14650.
2930
What is the highest common divisor of 57990 and 6720?
30
Calculate the highest common divisor of 3679540 and 6080.
380
Calculate the greatest common factor of 45239055 and 120.
15
What is the greatest common divisor of 24 and 2505486?
6
Calculate the greatest common factor of 74992060 and 107822.
3718
What is the highest common divisor of 4508 and 5753496?
644
What is the greatest common factor of 616034314 and 938?
938
What is the greatest common divisor of 38069108 and 14?
14
Calculate the highest common factor of 267350 and 960.
10
Calculate the greatest common divisor of 532 and 771457988.
532
Calculate the greatest common divisor of 1193345694 and 2979.
2979
What is the highest common divisor of 22212788 and 533?
13
What is the greatest common divisor of 3248 and 33012904?
232
What is the greatest common divisor of 4888 and 43428658?
1222
What is the highest common factor of 100934622 and 18?
18
What is the greatest common divisor of 8019 and 14971?
11
Calculate the highest common divisor of 17253 and 5670.
81
What is the highest common factor of 21735450 and 450?
450
What is the greatest common factor of 1190 and 3607338?
14
Calculate the greatest common divisor of 34443057 and 1325.
53
What is the highest common factor of 54195640 and 320?
40
What is the highest common divisor of 1677850 and 10718?
46
Calculate the highest common factor of 12849826 and 44.
22
Calculate the highest common divisor of 1470522 and 57.
3
What is the highest common factor of 3824989 and 3012?
251
Calculate the highest common divisor of 21537 and 17973.
9
Calculate the highest common divisor of 15140 and 8160.
20
What is the greatest common factor of 56 and 2915419976?
56
What is the greatest common divisor of 2195310 and 2063490?
5070
Calculate the greatest common factor of 201188 and 268567.
949
Calculate the highest common divisor of 6415248 and 2838696.
10248
What is the highest common divisor of 7 and 2709119?
7
Calculate the greatest common factor of 47845 and 28713835.
6835
What is the highest common factor of 10073 and 668969?
7
What is the highest common divisor of 395595 and 720?
45
What is the highest common divisor of 12 and 184467996?
12
What is the greatest common divisor of 660 and 181974012?
132
Calculate the greatest common divisor of 243873 and 4832667.
4977
Calculate the highest common divisor of 29233926 and 108.
54
Calculate the greatest common factor of 4110770 and 70.
10
Calculate the highest common factor of 14878 and 1104086.
346
What is the highest common divisor of 15670 and 5210?
10
What is the greatest common divisor of 1532265 and 1600?
5
What is the greatest common factor of 41622 and 72870?
42
Calculate the greatest common factor of 3618990 and 35121.
1527
Calculate the highest common divisor of 598632546 and 1702.
1702
What is the greatest common factor of 9095481 and 123?
123
What is the greatest common factor of 952281 and 2629?
11
What is the greatest common divisor of 449 and 1250306503?
449
Calculate the highest common factor of 6 and 41490066.
6
Calculate the highest common divisor of 477 and 914303.
53
What is the greatest common divisor of 668470 and 281190?
1030
What is the highest common divisor of 416 and 2908022?
26
What is the greatest common divisor of 23957776 and 1968?
656
Calculate the greatest common divisor of 259994 and 59124.
758
Calculate the greatest common factor of 3248 and 3532832.
16
Calculate the greatest common divisor of 2497020 and 78.
6
Calculate the highest common divisor of 13728 and 3221088.
1248
Calculate the greatest common divisor of 7764 and 151921423.
647
What is the greatest common factor of 136171 and 470253?
343
What is the greatest common divisor of 7447435 and 90005?
1915
Calculate the greatest common factor of 408 and 11456504.
136
Calculate the highest common divisor of 3728 and 35320936.
1864
Calculate the greatest common divisor of 1066127 and 5529.
97
Calculate the greatest common factor of 21421452 and 624.
156
Calculate the greatest common factor of 3345744867 and 141.
141
Calculate the greatest common divisor of 9 and 99230013.
9
Calculate the greatest common factor of 13014 and 2276486.
482
What is the highest common divisor of 21893770 and 404?
202
Calculate the greatest common factor of 63001775 and 290.
145
What is the greatest common factor of 3124075 and 439850?
475
What is the highest common factor of 33583876 and 5564?
428
Calculate the greatest common factor of 2267 and 6662713.
2267
Calculate the greatest common factor of 19056 and 1217599.
397
What is the greatest common divisor of 1276422 and 7938?
42
What is the greatest common divisor of 11336 and 10490051?
1417
Calculate the highest common factor of 96 and 1105620.
12
What is the greatest common factor of 1087937 and 1?
1
Calculate the greatest common divisor of 4287013 and 409223.
1787
What is the greatest common factor of 191917572 and 1145?
229
Calculate the highest common divisor of 481940 and 70.
10
What is the greatest common factor of 886830 and 3402?
42
Calculate the greatest common divisor of 952 and 27981728.
136
Calculate the greatest common divisor of 5040 and 2780640.
720
What is the greatest common divisor of 108396 and 1260?
36
What is the greatest common factor of 455061635 and 70?
35
What is the highest common divisor of 8766 and 20791978?
974
Calculate the greatest common divisor of 151532405 and 18362.
9181
What is the highest common divisor of 9970077 and 376896?
5889
What is the greatest common divisor of 2284464 and 11648?
1456
What is the highest common factor of 300472 and 3512?
8
What is the greatest common factor of 14448 and 391472?
688
What is the highest common divisor of 20 and 98150390?
10
What is the greatest common factor of 1445 and 1436177?
17
Calculate the highest common factor of 12152660 and 62608.
2236
What is the highest common divisor of 2668 and 23248952?
2668
What is the highest common divisor of 4596 and 68532?
12
Calculate the highest common factor of 13034 and 474544.
266
What is the highest common divisor of 1523028 and 2232828?
2028
What is the highest common divisor of 54266797 and 299?
13
What is the highest common factor of 58260 and 652?
4
Calculate the greatest common divisor of 5498611 and 1256.
157
Calculate the greatest common divisor of 15 and 519703875.
15
Calculate the highest common divisor of 1331 and 9174.
11
Calculate the highest common divisor of 50405364 and 2088.
1044
What is the greatest common factor of 6202 and 280294?
14
What is the greatest common divisor of 1190420 and 210?
70
What is the highest common divisor of 77 and 29751535?
11
What is the highest common factor of 280 and 17058545?
35
Calculate the highest common divisor of 21923 and 52019.
11
What is the highest common factor of 664 and 2308940812?
332
What is the highest common divisor of 3552 and 4149408?
96
What is the highest common divisor of 19383389 and 2169?
241
What is the greatest common factor of 78252551 and 4238?
2119
Calculate the highest common divisor of 405 and 2268817020.
135
Calculate the highest common factor of 4142880 and 1080.
1080
Calculate the highest common factor of 4010496 and 6714.
2238
Calculate the greatest common factor of 2184 and 65699256.
168
Calculate the greatest common factor of 14 and 612044328.
14
What is the greatest common divisor of 1636 and 492?
4
What is the highest common divisor of 136 and 344948088?
136
Calculate the greatest common divisor of 88 and 692230.
22
Calculate the highest common divisor of 830 and 27506698.
166
What is the highest common factor of 1599 and 168129?
39
Calculate the greatest common divisor of 225 and 16424379.
9
Calculate the highest common divisor of 35774826 and 30.
6
Calculate the highest common divisor of 6414244 and 8968.
236
Calculate the greatest common divisor of 610 and 271230.
10
Calculate the highest common divisor of 5766368 and 1293327.
2281
Calculate the greatest common divisor of 990199 and 560422.
901
What is the highest common factor of 17610840 and 48280?
2840
What is the greatest common factor of 94 and 1303639?
47
Calculate the highest common factor of 1079 and 18160207.
13
What is the highest common divisor of 258